and 2500.
100
Let u(i) = -i - 5. Let z be u(-9). Suppose 2*t + 57 = -7*n + 2*n, 0 = 4*t + z*n + 120. Let j = -23 - t. Calculate the highest common factor of 64 and j.
8
Let o be 6 + 0 + -9 - (-4228 - -9). What is the greatest common divisor of o and 136?
136
Let t be 48/984 - 30*38/(-164). What is the greatest common factor of 39907 and t?
7
Suppose -2*q - 2*p = -28, -2*p = -6*q + 146 - 46. Calculate the highest common factor of 10864 and q.
16
Suppose -16*k + 162 = -10*k. Let y = k - 22. Let t = -282 + 284. What is the highest common divisor of t and y?
1
Let b(u) = -4*u + 1. Let r be b(1). Let d be r/(24/60 - (-43)/(-70)). Calculate the highest common factor of d and 10.
2
Suppose 180 = 2*a - 0*a. Suppose -26*q + 25*q - 6*p - 56 = 0, 3*q + 3*p + 3 = 0. What is the highest common divisor of q and a?
10
Let v(f) = 2*f - 2. Let l be v(15). Let r(w) = -2*w - 22. Let u be r(l). Let m = u - -117. Calculate the highest common divisor of 26 and m.
13
Suppose -14*x + 144 = -6*x. Suppose -15*h - 42 = -x*h. Calculate the greatest common divisor of 154 and h.
14
Let l = 13 - 13. Suppose 2*p + z + l*z - 6 = 0, -5*p + 10 = 5*z. Let a be 55/p - (-1 + (-6)/(-8)). What is the greatest common factor of a and 7?
7
Suppose 85*u + 52*u + 548 = 0. Let t(b) = 2*b**2 - 4*b - 4 - 3*b**2 + 5. Let w be t(u). What is the highest common factor of w and 1?
1
Suppose 163*l = 159*l + 48. What is the greatest common factor of l and 3324?
12
Let x be 3/((168/(-40))/7). Let i(o) be the first derivative of -5*o**2 + 3*o + 10. Let q be i(x). Calculate the greatest common divisor of q and 159.
53
Suppose -d + 298 = -10*u + 154, -5*d = -3*u - 532. Let x be (-26)/(2*1/(-5)). What is the greatest common factor of d and x?
13
Suppose -4*l = 3*t - 35, -23*l + 22*l + 5 = 0. Suppose 4*b = -t*o + 7, 5*b - 19*o - 60 = -15*o. What is the greatest common divisor of 200 and b?
8
Let j = -17 - -25. Suppose -535*n + 529*n - 36 = 0. Let d be n/12 + (-123)/(-6). Calculate the greatest common divisor of d and j.
4
Suppose -117*i - 4554 = -7011. Let d = -297 - -612. What is the greatest common divisor of i and d?
21
Let q be 1 + 3 + -9 - -500. What is the highest common factor of 9 and q?
9
Suppose -3575 = -5*s - 5*g, 16*s - 2*g = 13*s + 2145. Calculate the highest common divisor of s and 585.
65
Let g = 102 + -73. Let a = g + 7. Let r = 42 - a. Calculate the highest common divisor of 48 and r.
6
Let h(i) = -9*i**3 + 7*i + 14. Let a be h(-2). What is the greatest common divisor of 3006 and a?
18
Let b(a) = 179*a + 3145. Let z be b(-17). Calculate the highest common factor of 5253 and z.
51
Suppose 8*h - 10*h = 5*v - 16061, h = -3*v + 8031. Calculate the highest common factor of 36 and h.
36
Let r be (-61)/(((12/10)/(-6))/1). Let w be r + (-2 - -6) + -1. What is the highest common factor of w and 14?
14
Let n = -25 + 49. Suppose -14 = 2*b - n. Suppose -4*j - 5*y + 98 = -2*j, 0 = b*y + 10. What is the greatest common divisor of 81 and j?
27
Suppose -4 = -3*v - 4*d, -2*d = -4*v + 3*v + 8. Let c be (-1490)/18 - (-22)/(-99). Let y = -47 - c. Calculate the highest common factor of y and v.
4
Suppose 2*g + 132 = -0*g. Let u = g + 122. Let j(m) = m**3 - 14*m**2 + 50*m + 39. Let b be j(9). Calculate the greatest common factor of u and b.
28
Let s = 6506 - 6472. What is the highest common factor of s and 2567?
17
Let a be 4/(-1 + (5 - 2)). Suppose 544 = 2*p + 5*k, -a*k + 538 = p + p. Calculate the greatest common factor of 178 and p.
89
Let m = -28 - -42. Let s = m - 10. Let q = -9292 - -9298. Calculate the greatest common divisor of q and s.
2
Let g be (-23)/(-2) + 6*(-4)/(-16). Suppose g*v + 5*v = 108. Suppose 3*n - 5 = 7. Calculate the greatest common divisor of n and v.
2
Let m be (117/(-6))/(((-7)/728)/1). Suppose 9*n = 3*n + m. What is the highest common divisor of 26 and n?
26
Suppose -9*b = -5*b + 20, 0 = -5*r + b - 250. Let t be 3*(-18)/(-459) + (-23556)/r. Calculate the highest common divisor of 198 and t.
66
Let s be 1 - 1216/(16/(-4)). Let i = s + -108. Let k be 1/1 - (2 - i). Calculate the greatest common divisor of 28 and k.
28
Let l(n) = -11*n. Let c be l(-5). Suppose -2*j + 137 = -f, -6*j - 4*f + 162 = -4*j. Let u = j - c. Calculate the greatest common factor of 64 and u.
16
Let a = 14425 + -14420. Calculate the greatest common divisor of a and 685.
5
Let g(a) be the third derivative of -245*a**4/12 - 17*a**3/3 + 3*a**2 - 22. Let c be g(-4). Calculate the highest common divisor of 18 and c.
18
Let r be 4/(-6) - 546/(-9). Suppose 4*q - 16*q = -r. Suppose 0 = 5*l - 119 - 106. Calculate the greatest common factor of q and l.
5
Suppose 1110*b = -3*x + 1115*b + 195, -4*b = 4*x - 196. What is the highest common factor of x and 17512?
11
Suppose 0 = 1011*z - 1147*z + 272. Calculate the greatest common factor of z and 8.
2
Suppose h = -4*s + 141, 180 = 5*s - 54*h + 59*h. What is the greatest common divisor of s and 135?
5
Let h = -13636 - -18396. What is the highest common factor of h and 420?
140
Suppose 0 = -1566*k + 635*k + 153615. Let i be (4 - -2)*(12 - 1). What is the highest common factor of i and k?
33
Let y = -100 - -796. Suppose -25*v = -13*v - y. What is the greatest common divisor of 2 and v?
2
Let n(p) = 10*p**2 + 2*p + 126. Let m be n(0). Suppose 5*q - 15 = 0, -2*y + 621 = -0*y - 3*q. Calculate the greatest common divisor of y and m.
63
Let j = 142 - 178. Let i be (18/j)/(2/(-28)). Let x(h) = h**2 - 2*h - 6. Let d be x(-6). Calculate the highest common factor of d and i.
7
Let c be (0 + 1 - 8) + (-528 - -1145). What is the greatest common factor of 1159 and c?
61
Suppose 5*c - 20243 = -r, 5*c = 449*r - 447*r + 20234. What is the greatest common factor of 46 and c?
46
Suppose 12 = 2*c - 2*u, 5*c - 25*u = -23*u + 45. Let k = -17 + 15. Let p be 78 - -2*1/k. Calculate the highest common factor of c and p.
11
Let c = 38173 + -37247. What is the highest common factor of 2 and c?
2
Let x be (-952)/(-48) - (8/60 + (-27)/90). Suppose -6*b = -5*b - 320. Calculate the greatest common factor of b and x.
20
Suppose -3*c = -3*l - 6, -c + 0*l + 5*l = -2. Let f(u) = 2*u**2 + 107*u + 619. Let o be f(-47). What is the highest common factor of c and o?
2
Let r = 122 - 152. Let h(p) = -13*p - 152. Let i be h(r). Calculate the highest common factor of 28 and i.
14
Let l(x) = -x**2 + 49*x + 42. Let y be l(30). Suppose -q + y = 3*q. What is the greatest common divisor of 18 and q?
9
Let j(a) = -27*a + 49. Let s be j(9). Let f = -185 - s. Calculate the highest common factor of 18 and f.
9
Let n = -3436 - -4424. What is the greatest common factor of n and 57?
19
Let x be (4/(-3))/(12/(-90)). Suppose -63*t + 420 = -57*t. Calculate the highest common factor of x and t.
10
Let v = 2247 - 2208. What is the highest common divisor of v and 1157?
13
Let c(m) = -589*m**3 + 5*m**2 + 17*m - 17. Let u be c(-3). Calculate the greatest common factor of u and 40.
40
Suppose -2*h = -3*h - 2*s + 232, -3*h = -4*s - 696. Calculate the highest common divisor of 1566 and h.
58
Let y = 9532 + -8228. What is the greatest common factor of y and 8?
8
Let p(j) = j**3 - 13*j**2 + 14*j + 6. Let q be p(12). Suppose 850*a - 815*a - 420 = 0. What is the highest common factor of a and q?
6
Suppose 62*t - 67*t = -985. Let g = t - 194. What is the highest common factor of g and 8?
1
Suppose -3*u + 102 = d, -u - 106 = -2*d + d. What is the greatest common factor of 2800 and d?
35
Let q(c) = -c**3 - 6*c**2 + 24*c + 152. Let t be q(-5). Suppose -7*d + 2092 = 279. Calculate the greatest common factor of t and d.
7
Let t(z) = -z**3 + 3*z**2 - z + 3. Let u be t(2). Suppose -u*b + b = -48. Suppose 1 = 6*a - 179. What is the highest common divisor of a and b?
6
Suppose 6*n + 13850 + 14200 = 36*n. What is the highest common divisor of n and 440?
55
Let f = 2 + -25. Let w = f - -47. Let d(x) = 7*x**2 - 22*x - 105. Let s be d(7). Calculate the greatest common factor of s and w.
12
Suppose 9*m - 22448 = -37*m. What is the highest common factor of m and 183?
61
Suppose 0 = 11*p + 77, 4*f - 246*p - 189 = -243*p. Let b = 327 + 51. Calculate the highest common divisor of b and f.
42
Suppose -123*n + 1660 = -40*n. What is the greatest common factor of n and 116?
4
Let d be (0 - 1 - 1) + 359. Suppose 8939 = 643*x - 18067. Calculate the greatest common di